f 1918?
True
Is 256 a factor of 42347?
False
Does 9 divide 2052?
True
Does 18 divide 684?
True
Is 6806 a multiple of 83?
True
Is 495 a multiple of 33?
True
Is 27 a factor of 97?
False
Is 10296 a multiple of 44?
True
Does 108 divide 1956?
False
Does 134 divide 10077?
False
Is 8 a factor of 5934?
False
Does 8 divide 152?
True
Is 32 a factor of 3232?
True
Does 21 divide 2124?
False
Does 16 divide 1008?
True
Does 159 divide 60738?
True
Does 45 divide 11250?
True
Does 6 divide 42?
True
Is 17 a factor of 147389?
False
Is 75 a factor of 2902?
False
Is 3 a factor of 587?
False
Does 2 divide 110?
True
Is 3 a multiple of 2?
False
Is 12 a factor of 204?
True
Is 30765 a multiple of 7?
True
Does 135 divide 10395?
True
Is 2784 a multiple of 48?
True
Is 46 a factor of 769?
False
Does 17 divide 4896?
True
Is 95 a factor of 21893?
False
Does 38 divide 48013?
False
Is 11 a factor of 1464?
False
Is 2376 a multiple of 22?
True
Is 9346 a multiple of 37?
False
Does 232 divide 18096?
True
Is 17 a factor of 11287?
False
Is 6 a factor of 562?
False
Is 2583 a multiple of 63?
True
Is 9637 a multiple of 2?
False
Does 83 divide 1157?
False
Is 30683 a multiple of 61?
True
Is 60 a factor of 79860?
True
Does 13 divide 4277?
True
Is 1300 a multiple of 65?
True
Does 24 divide 778?
False
Is 42 a factor of 1344?
True
Is 36 a factor of 341?
False
Is 183 a factor of 9333?
True
Is 37600 a multiple of 20?
True
Is 73 a factor of 29565?
True
Is 101 a factor of 1010?
True
Does 17 divide 4947?
True
Is 592 a multiple of 229?
False
Is 165 a factor of 41195?
False
Does 106 divide 725?
False
Is 1645 a multiple of 7?
True
Is 167 a factor of 52271?
True
Does 199 divide 1990?
True
Does 46 divide 7096?
False
Is 7 a factor of 319?
False
Does 20 divide 1200?
True
Does 46 divide 33994?
True
Is 38826 a multiple of 17?
False
Is 5281 even?
False
Is 1800 a multiple of 39?
False
Is 33119 a multiple of 235?
False
Does 7 divide 9145?
False
Is 481 a multiple of 39?
False
Is 75514 a multiple of 17?
True
Is 199 a factor of 3781?
True
Is 33 a factor of 21714?
True
Is 34 a factor of 65369?
False
Is 1711 a multiple of 84?
False
Does 63 divide 2030?
False
Is 450 a multiple of 9?
True
Is 43725 a multiple of 7?
False
Does 92 divide 920?
True
Is 29 a multiple of 29?
True
Does 50 divide 2314?
False
Is 14 a factor of 15220?
False
Is 9029 a multiple of 58?
False
Is 35876 a multiple of 62?
False
Does 14 divide 961?
False
Does 10 divide 410?
True
Does 33 divide 5181?
True
Is 23 a factor of 115?
True
Does 39 divide 1677?
True
Does 11 divide 5218?
False
Is 147 a multiple of 7?
True
Does 34 divide 1462?
True
Is 16 a factor of 470?
False
Is 3445 a multiple of 10?
False
Is 9 a factor of 561?
False
Is 21954 a multiple of 154?
False
Does 16 divide 321?
False
Is 191310 a multiple of 30?
True
Is 146 a factor of 29200?
True
Is 19 a factor of 28530?
False
Is 10 a factor of 6735?
False
Does 17 divide 18904?
True
Is 19847 a multiple of 109?
False
Is 14 a factor of 2730?
True
Is 94 a multiple of 3?
False
Is 2 a factor of 80?
True
Does 3 divide 6728?
False
Does 8 divide 34953?
False
Is 10250 a multiple of 123?
False
Is 753 even?
False
Is 56 a factor of 4088?
True
Is 81 a factor of 17982?
True
Is 219 a factor of 88475?
False
Is 1596 a multiple of 114?
True
Does 68 divide 30872?
True
Is 45860 a multiple of 17?
False
Is 50 a factor of 14280?
False
Is 2 a factor of 262?
True
Is 952 a multiple of 56?
True
Does 3 divide 1026?
True
Does 124 divide 4838?
False
Does 28 divide 3688?
False
Is 51 a factor of 459?
True
Is 6886 a multiple of 88?
False
Is 2548 a multiple of 52?
True
Is 37 a factor of 23236?
True
Is 7 a factor of 7?
True
Is 1347 a multiple of 38?
False
Is 54 a factor of 5108?
False
Is 2202 a multiple of 3?
True
Is 760 a multiple of 8?
True
Is 46 a factor of 7360?
True
Does 14 divide 1006?
False
Is 16 a factor of 967?
False
Is 5 a factor of 5432?
False
Does 47 divide 12117?
False
Does 7 divide 26621?
True
Is 172 a multiple of 11?
False
Does 13 divide 209?
False
Does 3 divide 504?
True
Is 18 a factor of 106974?
True
Is 102 a multiple of 6?
True
Does 54 divide 1061?
False
Is 15 a factor of 97633?
False
Is 60 a factor of 6420?
True
Is 2250 a multiple of 5?
True
Is 35 a factor of 141?
False
Is 42 a factor of 6174?
True
Is 5 a factor of 7145?
True
Is 61 a factor of 122427?
True
Is 2 a factor of 134?
True
Is 47863 a multiple of 23?
True
Is 14110 a multiple of 4?
False
Does 13 divide 2257?
False
Does 90 divide 5395?
False
Is 8 a factor of 7840?
True
Is 2444 a multiple of 52?
True
Does 137 divide 2466?
True
Is 58110 a multiple of 195?
True
Does 284 divide 5028?
False
Is 9487 a multiple of 13?
False
Does 18 divide 425?
False
Does 104 divide 12431?
False
Does 39 divide 133?
False
Is 17 a factor of 718?
False
Is 56 a factor of 75096?
True
Does 11 divide 2530?
True
Does 41 divide 15210?
False
Does 24 divide 552?
True
Is 16614 a multiple of 26?
True
Does 224 divide 10838?
False
Does 58 divide 32538?
True
Does 92 divide 2484?
True
Is 61 a factor of 14762?
True
Is 6 a factor of 594?
True
Is 17 a factor of 18071?
True
Does 27 divide 429?
False
Does 368 divide 14930?
False
Is 75600 a multiple of 21?
True
Is 8 a factor of 2450?
False
Does 344 divide 30272?
True
Is 11 a factor of 33?
True
Does 2 divide 188?
True
Is 26790 a multiple of 30?
True
Is 737 a multiple of 6?
False
Is 5 a factor of 105?
True
Does 161 divide 35903?
True
Does 4 divide 3467?
False
Does 35 divide 1260?
True
Is 15 a factor of 3533?
False
Is 1178 a multiple of 31?
True
Is 8771 even?
False
Is 485 a multiple of 23?
False
Does 44 divide 8120?
False
Is 54 a factor of 540?
True
Does 13 divide 11541?
False
Does 16 divide 2125?
False
Is 8864 a multiple of 82?
False
Is 101 a factor of 404?
True
Does 43 divide 1623?
False
Is 17 a factor of 187?
True
Is 70 a factor of 186?
False
Is 2052 a multiple of 19?
True
Is 3 a factor of 1074?
True
Is 17732 a multiple of 45?
False
Does 153 divide 53397?
True
Is 1872 a multiple of 24?
True
Does 13 divide 806?
True
Is 3926 a multiple of 26?
True
Is 4426 a multiple of 29?
False
Is 95 a factor of 3325?
True
Does 66 divide 89547?
False
Is 16 a factor of 604?
False
Is 3535 a multiple of 101?
True
Is 649 a multiple of 59?
True
Is 74 a multiple of 5?
False
Is 153 a factor of 36290?
False
Does 4 divide 212?
True
Does 21 divide 917?
False
Does 8 divide 2518?
False
Is 2910 a multiple of 10?
True
Is 233 a multiple of 2?
False
Does 81 divide 21753?
False
Does 34 divide 899?
False
Is 1400 a multiple of 28?
True
Does 100 divide 13448?
False
Is 1726 a multiple of 19?
False
Is 51 a factor of 1020?
True
Is 13 a factor of 5278?
True
Is 1788 a multiple of 12?
True
Is 71 a factor of 355?
True
Is 4 a factor of 275?
False
Is 10 a factor of 1829?
False
Is 86 a factor of 6630?
False
Is 6575 a multiple of 15?
False
Is 41362 a multiple of 21?
False
Is 9744 a multiple of 48?
True
Is 28440 a multiple of 180?
True
Is 4 a factor of 168?
True
Does 50 divide 650?
True
Is 17 a factor of 318?
False
Does 20 divide 645?
False
Does 101 divide 8080?
True
Does 38 divide 366?
False
Does 35 divide 7507?
False
Is 41 a factor of 12218?
True
Is 3 a factor of 75?
True
Does 9 divide 5301?
True
Does 13 divide 21645?
True
Is 35 a multiple of 5?
True
Does 12 divide 4567?
False
Does 16 divide 163?
False
Is 33 a factor of 15936?
False
Is 70 a multiple of 5?
True
Is 3497 a multiple of 13?
True
Is 87044 a multiple of 370?
False
Is 11 a factor of 319?
True
Is 316 a multiple of 58?
False
Is 138 a multiple of 4?
False
Does 22 divide 418?
True
Is 69 a factor of 9691?
False
Is 21 a factor of 30912?
True
Does 18 divide 188?
False
Does 10 divide 161?
False
Is 2269 a multiple of 10?
False
Is 3144 a multiple of 8?
True
Is 903 a multiple of 30?
False
Is 4 a factor of 552?
True
Is 21 a factor of 595?
False
Is 380 a multiple of 22?
False
Is 77 a factor of 14553?
True
Is 4 a factor of 209?
False
Does 16 divide 49680?
True
Is 69 a factor of 6417?
True
Is 37 a factor of 10286?
True
Is 1197 a multiple of 57?
True
Does 160 divide 98175?
False
Is 9 a factor of 6238?
False
Is 312 a multiple of 52?
True
Is 56 a factor of 660?
False
Is 60 a multiple of 5?
True
Is 3 a factor of 1405?
False
Does 31 divide 527?
True
Is 3 a factor of 7599?
True
Is 6 a factor of 54?
True
Is 46 a factor of 3496?
True
Is 9 a factor of 72?
True
Is 